{"id":38,"date":"2023-07-03T17:00:21","date_gmt":"2023-07-03T15:00:21","guid":{"rendered":"http:\/\/oenotextes.fr\/?page_id=38"},"modified":"2023-07-03T22:39:39","modified_gmt":"2023-07-03T20:39:39","slug":"qui-sommes-nous","status":"publish","type":"page","link":"https:\/\/oenotextes.fr\/index.php\/qui-sommes-nous\/","title":{"rendered":"Qui sommes-nous ?"},"content":{"rendered":"\n<figure class=\"wp-block-image aligncenter size-large is-resized\"><img loading=\"lazy\" decoding=\"async\" src=\"http:\/\/oenotextes.fr\/wp-content\/uploads\/2023\/07\/DSC_9136-1024x683.jpg\" alt=\"\" class=\"wp-image-17\" width=\"487\" height=\"324\" srcset=\"https:\/\/oenotextes.fr\/wp-content\/uploads\/2023\/07\/DSC_9136-1024x683.jpg 1024w, https:\/\/oenotextes.fr\/wp-content\/uploads\/2023\/07\/DSC_9136-300x200.jpg 300w, https:\/\/oenotextes.fr\/wp-content\/uploads\/2023\/07\/DSC_9136-768x513.jpg 768w, https:\/\/oenotextes.fr\/wp-content\/uploads\/2023\/07\/DSC_9136-1536x1025.jpg 1536w, https:\/\/oenotextes.fr\/wp-content\/uploads\/2023\/07\/DSC_9136-2048x1367.jpg 2048w\" sizes=\"auto, (max-width: 487px) 100vw, 487px\" \/><figcaption class=\"wp-element-caption\">Cr\u00e9dit Photo @SalimTazi<\/figcaption><\/figure>\n\n\n\n<p>Antoine est \u0153nologue, formateur sp\u00e9cialis\u00e9 en d\u00e9gustation, il aime les mots, ceux du vins et bien d\u2019autres\u2026<\/p>\n\n\n\n<p>Lise est animatrice d\u2019ateliers d\u2019\u00e9criture et formatrice. Elle \u00e9crit et publie sous le nom de Juliette Cortese. Elle aime (le vin et) faire des propositions d\u2019\u00e9criture, et d\u00e9couvrir les textes qui y r\u00e9pondent.<\/p>\n","protected":false},"excerpt":{"rendered":"<p>Antoine est \u0153nologue, formateur sp\u00e9cialis\u00e9 en d\u00e9gustation, il aime les mots, ceux du vins et bien d\u2019autres\u2026 Lise est animatrice d\u2019ateliers d\u2019\u00e9criture et formatrice. Elle \u00e9crit et publie sous le nom de Juliette Cortese. Elle aime (le vin et) faire des propositions d\u2019\u00e9criture, et d\u00e9couvrir les textes qui y r\u00e9pondent.<\/p>\n","protected":false},"author":2,"featured_media":0,"parent":0,"menu_order":0,"comment_status":"closed","ping_status":"closed","template":"","meta":{"footnotes":""},"class_list":["post-38","page","type-page","status-publish","hentry"],"_links":{"self":[{"href":"https:\/\/oenotextes.fr\/index.php\/wp-json\/wp\/v2\/pages\/38","targetHints":{"allow":["GET"]}}],"collection":[{"href":"https:\/\/oenotextes.fr\/index.php\/wp-json\/wp\/v2\/pages"}],"about":[{"href":"https:\/\/oenotextes.fr\/index.php\/wp-json\/wp\/v2\/types\/page"}],"author":[{"embeddable":true,"href":"https:\/\/oenotextes.fr\/index.php\/wp-json\/wp\/v2\/users\/2"}],"replies":[{"embeddable":true,"href":"https:\/\/oenotextes.fr\/index.php\/wp-json\/wp\/v2\/comments?post=38"}],"version-history":[{"count":3,"href":"https:\/\/oenotextes.fr\/index.php\/wp-json\/wp\/v2\/pages\/38\/revisions"}],"predecessor-version":[{"id":69,"href":"https:\/\/oenotextes.fr\/index.php\/wp-json\/wp\/v2\/pages\/38\/revisions\/69"}],"wp:attachment":[{"href":"https:\/\/oenotextes.fr\/index.php\/wp-json\/wp\/v2\/media?parent=38"}],"curies":[{"name":"wp","href":"https:\/\/api.w.org\/{rel}","templated":true}]}}